{"id":7953,"date":"2024-11-05T14:04:36","date_gmt":"2024-11-05T13:04:36","guid":{"rendered":"https:\/\/www.laboratoriobarba.es\/?page_id=7953"},"modified":"2024-11-05T14:12:34","modified_gmt":"2024-11-05T13:12:34","slug":"7953-2","status":"publish","type":"page","link":"https:\/\/www.laboratoriobarba.es\/?page_id=7953","title":{"rendered":"Pol\u00edtica de Cookies"},"content":{"rendered":"<p>[et_pb_section fb_built=\u00bb1&#8243; _builder_version=\u00bb4.27.2&#8243; _module_preset=\u00bbdefault\u00bb use_background_color_gradient=\u00bbon\u00bb background_color_gradient_stops=\u00bb#005487 0%|#0082ca 100%\u00bb height=\u00bb50px\u00bb max_height=\u00bb50px\u00bb custom_padding=\u00bb5px||0px||false|false\u00bb global_colors_info=\u00bb{}\u00bb][\/et_pb_section][et_pb_section fb_built=\u00bb1&#8243; _builder_version=\u00bb4.27.2&#8243; _module_preset=\u00bbdefault\u00bb global_colors_info=\u00bb{}\u00bb][et_pb_row _builder_version=\u00bb4.27.2&#8243; _module_preset=\u00bbdefault\u00bb global_colors_info=\u00bb{}\u00bb][et_pb_column type=\u00bb4_4&#8243; _builder_version=\u00bb4.27.2&#8243; _module_preset=\u00bbdefault\u00bb global_colors_info=\u00bb{}\u00bb][et_pb_heading title=\u00bbPol\u00edtica de cookies\u00bb _builder_version=\u00bb4.27.2&#8243; _module_preset=\u00bbdefault\u00bb title_text_align=\u00bbcenter\u00bb global_colors_info=\u00bb{}\u00bb][\/et_pb_heading][et_pb_divider color=\u00bb#09e1c0&#8243; divider_weight=\u00bb4px\u00bb _builder_version=\u00bb4.27.2&#8243; _module_preset=\u00bbdefault\u00bb max_width=\u00bb40px\u00bb module_alignment=\u00bbcenter\u00bb global_colors_info=\u00bb{}\u00bb][\/et_pb_divider][et_pb_text _builder_version=\u00bb4.27.2&#8243; _module_preset=\u00bbdefault\u00bb hover_enabled=\u00bb0&#8243; global_colors_info=\u00bb{}\u00bb sticky_enabled=\u00bb0&#8243;]<\/p>\n<p>Una cookie es una peque\u00f1a informaci\u00f3n enviada por un sitio web y almacenada en el navegador del usuario, de modo que el sitio web puede consultar la actividad previa del usuario. Entre sus funciones se encuentra la de llevar a cabo el control de usuarios y conseguir informaci\u00f3n sobre la navegaci\u00f3n del mismo e intentos de spyware (programas esp\u00eda) por parte de agencias de publicidad o de otros cualquiera otra \u00edndole. Utilizamos cookies para facilitar el uso de nuestra p\u00e1gina web. Se tratan de ficheros de informaci\u00f3n que nos permiten comparar y entender c\u00f3mo nuestros usuarios navegan a trav\u00e9s de nuestra p\u00e1gina web, y de esta manera poder mejorar el proceso de navegaci\u00f3n. En caso de no querer recibir cookies, configure su navegador de Internet para que las borre del disco duro de su ordenador, las bloquee o le avise en caso de instalaci\u00f3n de las mismas. Para continuar sin cambios en la configuraci\u00f3n de las cookies, contin\u00fae en la p\u00e1gina web. Las cookies pueden ser aceptadas, borradas o bloqueadas seg\u00fan, configurando para ello el navegador. La mayor\u00eda de los navegadores indican c\u00f3mo configurar su navegador para que no acepte cookies, para que le notifique cada vez que reciba una nueva cookie, as\u00ed como para desactivarlas. Si se desactivan las cookies t\u00e9cnicas y\/o de funcionamiento, la calidad de la p\u00e1gina web puede disminuir o puede que cueste m\u00e1s identificarle. La directiva de la Uni\u00f3n Europea de 2002 sobre privacidad en las telecomunicaciones contiene reglas sobre el uso de cookies. El almacenamiento de datos (como cookies) en el ordenador de un usuario s\u00f3lo puede hacerse si; el usuario recibe informaci\u00f3n sobre c\u00f3mo se utilizan esos datos; y cuando el usuario tiene la posibilidad de rechazar esa operaci\u00f3n. Este art\u00edculo tambi\u00e9n establece que almacenar datos que son necesarios por motivos t\u00e9cnicos est\u00e1 permitido como excepci\u00f3n. Para mas informaci\u00f3n legal consultar:<\/p>\n<p><a href=\"https:\/\/www.agpd.es\/portalwebAGPD\/canaldocumentacion\/legislacion\/union_europea\/directivas\/common\/pdfs\/Directiva-136-de-25-noviembre-2009.pdf\" target=\"_blank\" rel=\"noopener\">DIRECTIVA 2009\/136\/CE<\/a><span>\u00a0<\/span>DEL PARLAMENTO EUROPEO Y DEL CONSEJO de 25 de noviembre de 2009 por la que se modifican la Directiva 2002\/22\/CE relativa al servicio universal y los derechos de los usuarios en relaci\u00f3n con las redes y los servicios de comunicaciones electr\u00f3nicas, la Directiva2002\/58\/CE relativa al tratamiento de los datos personales y a la protecci\u00f3n de la intimidad en el sector de las comunicaciones electr\u00f3nicas y el Reglamento (CE) no2006\/2004 sobre la cooperaci\u00f3n en materia de protecci\u00f3n de los consumidores.<\/p>\n<p><a href=\"https:\/\/eur-lex.europa.eu\/LexUriServ\/LexUriServ.do?uri=OJ:L:2009:337:0037:0069:ES:PDF\" target=\"_blank\" rel=\"noopener\">DIRECTIVA 2009\/140\/CE<\/a><span>\u00a0<\/span>DEL PARLAMENTO EUROPEO Y DEL CONSEJO de 25 de noviembre de 2009 por la que se modifican la Directiva 2002\/21\/CE relativa a un marco regulador com\u00fan de las redes y los servicios de comunicaciones electr\u00f3nicas, la Directiva 2002\/19\/CE relativa al acceso a las redes de comunicaciones electr\u00f3nicas y recursos asociados, y a su interconexi\u00f3n, y la Directiva 2002\/20\/CE relativa a la autorizaci\u00f3n de redes y servicios de comunicaciones electr\u00f3nicas.<\/p>\n<h3>Cookies utilizadas en este sitio web<\/h3>\n<p>Siguiendo las directrices de la Agencia Espa\u00f1ola de Protecci\u00f3n de Datos de car\u00e1cter personal, procedemos a detallar el uso de cookies de<span>\u00a0<\/span><strong>Laboratorio Dr. Barba<\/strong><span>\u00a0<\/span>con el fin de informarle con la m\u00e1xima exactitud posible acerca de ello.<\/p>\n<h3>Este sitio web utiliza las siguientes cookies propias:<\/h3>\n<p>Cookies de Sesi\u00f3n, de identificaci\u00f3n, de configuraci\u00f3n y de registro, para la identificaci\u00f3n del usuario y para la prestaci\u00f3n de los servicios solicitados por el usuario. Son cookies dise\u00f1adas para obtener y almacenar datos mientras el usuario accede a nuestra pagina web, siendo posible garantizar que los usuarios que escriban comentarios en el blog, foros de debate y dem\u00e1s acciones que preste<span>\u00a0<\/span><strong>Laboratorio Dr. Barba<\/strong><span>\u00a0<\/span>sean humanos y no aplicaciones automatizadas, combatiendo de esta forma el spam. Cookies de An\u00e1lisis, nos permiten calcular el n\u00famero de usuarios y as\u00ed realizar la medici\u00f3n y an\u00e1lisis estad\u00edstico de la utilizaci\u00f3n que hacen los usuarios del servicio. Para ello se analiza su navegaci\u00f3n en<span>\u00a0<\/span><strong>Laboratorio Dr. Barba<\/strong><span>\u00a0<\/span>con el fin de mejorar la oferta de productos o servicios que nuestra pagina le ofrece. Cookies de Navegaci\u00f3n que recogen informaci\u00f3n sobre el uso que las visitas hacen en<span>\u00a0<\/span><strong>Laboratorio Dr. Barba<\/strong>, siendo el objeto mejorar el funcionamiento de nuestra web. Cookies Funcionales que permiten recordar informaci\u00f3n y las caracter\u00edsticas m\u00e1s personales. Al visitar<span>\u00a0<\/span><strong>Laboratorio Dr. Barba<\/strong>, usted esta aceptando la instalaci\u00f3n de estas cookies en su dispositivo.<\/p>\n<h3>Este sitio web utiliza las siguientes cookies de terceros:<\/h3>\n<h4><\/h4>\n<h4>Google Analytics:<\/h4>\n<ul>\n<li>Google Analytics Almacena cookies para poder elaborar estad\u00edsticas sobre el tr\u00e1fico y volumen de visitas de esta. Al utilizar<span>\u00a0<\/span><strong>Laboratorio Dr. Barba<\/strong><span>\u00a0<\/span>usted est\u00e1 consintiendo el tratamiento de informaci\u00f3n acerca de su persona por parte de Google. Por ello, en consecuencia, el ejercicio de cualquier derecho en este sentido deber\u00e1 hacerlo comunic\u00e1ndolo directamente con Google. Google Analytics no recopilara informaci\u00f3n personal acerca de los usuarios.<\/li>\n<\/ul>\n<h4>Redes Sociales:<\/h4>\n<ul>\n<li>Al utilizar el registro social, usted autoriza a la red social a almacenar una Cookie persistente. Esta Cookie hace posible que recuerda su identificaci\u00f3n en el servicio web. Esta Cookie puede ser eliminada, y adem\u00e1s tambi\u00e9n podr\u00e1 anular los permisos de acceso de los servicios de desde la configuraci\u00f3n de privacidad de la red social en uso. Cada red social utiliza sus propias cookies, haciendo posible que usted pueda compartir diferentes contenidos pinchando en botones tipo compartir o me gusta, pudiendo as\u00ed interactuar con el contenido de distintas redes sociales. Por lo que se refiere a las condiciones de utilizaci\u00f3n de estas cookies, as\u00ed como la informaci\u00f3n que recopilan, se encuentran reguladas por la pol\u00edtica de privacidad de la red social concreta.<\/li>\n<\/ul>\n<h3>Desactivaci\u00f3n o eliminaci\u00f3n de cookies<\/h3>\n<p>En cualquier momento usted podr\u00e1 ejercer su derecho de desactivaci\u00f3n o eliminaci\u00f3n de cookies de este sitio web. Estas acciones se realizar\u00e1n de forma diferente en atenci\u00f3n al navegador que usted est\u00e9 usando. Le indicamos a continuaci\u00f3n los siguientes enlaces, donde podr\u00e1 encontrar m\u00e1s informaci\u00f3n sobre los diferentes navegadores:<\/p>\n<p>\u2013<span>\u00a0<\/span><a href=\"https:\/\/support.google.com\/chrome\/bin\/answer.py?hl=es&amp;answer=95647\" target=\"_blank\" rel=\"noopener\">Chrome<\/a><br \/>\u2013<span>\u00a0<\/span><a href=\"https:\/\/windows.microsoft.com\/es-es\/windows7\/how-to-manage-cookies-in-internet-explorer-9\" target=\"_blank\" rel=\"noopener\">Internet Explorer<\/a><br \/>\u2013<span>\u00a0<\/span><a href=\"https:\/\/support.mozilla.org\/es\/kb\/habilitar-y-deshabilitar-cookies-que-los-sitios-we\" target=\"_blank\" rel=\"noopener\">Firefox<\/a><br \/>\u2013<span>\u00a0<\/span><a href=\"https:\/\/support.apple.com\/kb\/ph5042\" target=\"_blank\" rel=\"noopener\">Safari<\/a><\/p>\n<h3>Notas adicionales<\/h3>\n<p><strong>Laboratorio Dr. Barba<\/strong>, ni sus respectivos representantes legales, se har\u00e1n responsables ni de la veracidad ni el contenido de las pol\u00edticas de privacidad que puedan tener los terceros en la presente pol\u00edtica de cookies. Son los navegadores los medios que se encargan de almacenar las cookies, y es desde este lugar donde se efect\u00faa o se debe efectuar su derecho a desactivaci\u00f3n o eliminaci\u00f3n de las mismas.<span>\u00a0<\/span><strong>Laboratorio Dr. Barba<\/strong><span>\u00a0<\/span>no podr\u00e1 garantizar la correcta o incorrecta funci\u00f3n de las cookies por partes de los navegadores anteriormente mencionados. Por los que se respecta a las cookies de google Analytics<span>\u00a0<\/span><strong>Laboratorio Dr. Barba<\/strong><span>\u00a0<\/span>almacena las cookies en servidores en Estados Unidos, comprometi\u00e9ndose a no compartirlos con terceros, excepto en aquellos casos que resulte necesario para el buen funcionamiento del sistema o bien cuando lo obligue la ley. Google Inc. Es una compa\u00f1\u00eda que garantiza que los datos que hayan sido transferidos se proteger\u00e1n de acuerdo a la normativa vigente europea. Google no guardara su direcci\u00f3n IP. Para cualquier otra duda o consulta acerca de nuestra pol\u00edtica de cookies no dude en ponerse en contacto con nosotros accediendo a la secci\u00f3n de contacto.<\/p>\n<h3>Limitaci\u00f3n de responsabilidad y garant\u00edas<\/h3>\n<p>El Sitio https:\/\/laboratoriobarba.es\/\u00a0se centra en la promoci\u00f3n y venta de los productos ofertados en el mismo.<\/p>\n<p><span><strong>Laboratorio Dr. Barba<\/strong>\u00a0<\/span>se compromete a respetar la veracidad de los datos, salvo error tipogr\u00e1fico, adecu\u00e1ndolos a la LSSICE y las Leyes Contractuales Vigentes.<\/p>\n<h3>Propiedad intelectual e industrial.<\/h3>\n<p>El Sitio y los contenidos que alberga<span>\u00a0<\/span><a href=\"https:\/\/laboratoriobarba.es\/\" target=\"_blank\" rel=\"noopener\" title=\"Laboratorio Dr. Barba\">https:\/\/www.laboratoriobarba.es\/<\/a><span>\u00a0<\/span>est\u00e1n protegidos por la legislaci\u00f3n vigente en materia de propiedad intelectual.<\/p>\n<p>Se proh\u00edbe expresamente la copia, modificaci\u00f3n, reproducci\u00f3n, descarga, transmisi\u00f3n, distribuci\u00f3n o transformaci\u00f3n de los contenidos de la p\u00e1gina, sin la previa autorizaci\u00f3n del titular de los correspondientes derechos o se encuentre legalmente permitido.<\/p>\n<p>El acceso al site no presupone la adquisici\u00f3n por parte de los usuarios de derecho de propiedad sobre los contenidos que figuran en el mismo.<\/p>\n<h3>Responsabilidad por el funcionamiento de la p\u00e1gina<\/h3>\n<p><span><strong>Laboratorio Dr. Barba<\/strong>\u00a0<\/span>podr\u00e1, cuando lo considere conveniente, realizar correcciones, mejoras o modificaciones en la informaci\u00f3n contenida en la p\u00e1gina sin que ello de lugar, ni derecho a ninguna reclamaci\u00f3n o indemnizaci\u00f3n, ni implique reconocimiento de responsabilidad alguna.<\/p>\n<p><span><strong>Laboratorio Dr. Barba<\/strong>\u00a0<\/span>no se hace responsable por los da\u00f1os y perjuicios de cualquier naturaleza que se pudieran derivar de la disponibilidad y continuidad t\u00e9cnica del funcionamiento de la p\u00e1gina.<\/p>\n<p>[\/et_pb_text][\/et_pb_column][\/et_pb_row][\/et_pb_section]<\/p>\n","protected":false},"excerpt":{"rendered":"<p>Una cookie es una peque\u00f1a informaci\u00f3n enviada por un sitio web y almacenada en el navegador del usuario, de modo que el sitio web puede consultar la actividad previa del usuario. Entre sus funciones se encuentra la de llevar a cabo el control de usuarios y conseguir informaci\u00f3n sobre la navegaci\u00f3n del mismo e intentos [&hellip;]<\/p>\n","protected":false},"author":5,"featured_media":0,"parent":0,"menu_order":0,"comment_status":"closed","ping_status":"closed","template":"","meta":{"_et_pb_use_builder":"on","_et_pb_old_content":"","_et_gb_content_width":"","footnotes":""},"class_list":["post-7953","page","type-page","status-publish","hentry"],"_links":{"self":[{"href":"https:\/\/www.laboratoriobarba.es\/index.php?rest_route=\/wp\/v2\/pages\/7953","targetHints":{"allow":["GET"]}}],"collection":[{"href":"https:\/\/www.laboratoriobarba.es\/index.php?rest_route=\/wp\/v2\/pages"}],"about":[{"href":"https:\/\/www.laboratoriobarba.es\/index.php?rest_route=\/wp\/v2\/types\/page"}],"author":[{"embeddable":true,"href":"https:\/\/www.laboratoriobarba.es\/index.php?rest_route=\/wp\/v2\/users\/5"}],"replies":[{"embeddable":true,"href":"https:\/\/www.laboratoriobarba.es\/index.php?rest_route=%2Fwp%2Fv2%2Fcomments&post=7953"}],"version-history":[{"count":7,"href":"https:\/\/www.laboratoriobarba.es\/index.php?rest_route=\/wp\/v2\/pages\/7953\/revisions"}],"predecessor-version":[{"id":7964,"href":"https:\/\/www.laboratoriobarba.es\/index.php?rest_route=\/wp\/v2\/pages\/7953\/revisions\/7964"}],"wp:attachment":[{"href":"https:\/\/www.laboratoriobarba.es\/index.php?rest_route=%2Fwp%2Fv2%2Fmedia&parent=7953"}],"curies":[{"name":"wp","href":"https:\/\/api.w.org\/{rel}","templated":true}]}}