{"id":8252,"date":"2024-11-11T16:24:51","date_gmt":"2024-11-11T15:24:51","guid":{"rendered":"https:\/\/www.laboratoriobarba.es\/?page_id=8252"},"modified":"2024-11-28T12:41:35","modified_gmt":"2024-11-28T11:41:35","slug":"pruebas-citologicas","status":"publish","type":"page","link":"https:\/\/www.laboratoriobarba.es\/?page_id=8252","title":{"rendered":"Pruebas citol\u00f3gicas"},"content":{"rendered":"<p>[et_pb_section fb_built=\u00bb1&#8243; _builder_version=\u00bb4.27.3&#8243; _module_preset=\u00bbdefault\u00bb use_background_color_gradient=\u00bbon\u00bb background_color_gradient_stops=\u00bb#005487 0%|#0082ca 100%\u00bb background_image=\u00bbhttps:\/\/www.laboratoriobarba.es\/wp-content\/uploads\/2024\/10\/Img_Laboratorio_Dr_Barba_cromosoma.jpg\u00bb background_blend=\u00bbsoft-light\u00bb animation_style=\u00bbslide\u00bb animation_intensity_slide=\u00bb2%\u00bb global_colors_info=\u00bb{}\u00bb][et_pb_row _builder_version=\u00bb4.27.3&#8243; _module_preset=\u00bbdefault\u00bb global_colors_info=\u00bb{}\u00bb][et_pb_column type=\u00bb4_4&#8243; _builder_version=\u00bb4.27.3&#8243; _module_preset=\u00bbdefault\u00bb global_colors_info=\u00bb{}\u00bb][et_pb_heading title=\u00bbPreparaci\u00f3n y env\u00edo de muestras por tipo\u00bb _builder_version=\u00bb4.27.3&#8243; _module_preset=\u00bbdefault\u00bb title_font=\u00bbRubik|600|||||||\u00bb title_text_color=\u00bb#FFFFFF\u00bb title_font_size=\u00bb42px\u00bb title_line_height=\u00bb1.3em\u00bb max_width=\u00bb50%\u00bb global_colors_info=\u00bb{}\u00bb][\/et_pb_heading][et_pb_divider color=\u00bb#09e1c0&#8243; divider_weight=\u00bb4px\u00bb _builder_version=\u00bb4.27.3&#8243; _module_preset=\u00bbdefault\u00bb max_width=\u00bb40px\u00bb global_colors_info=\u00bb{}\u00bb][\/et_pb_divider][et_pb_text _builder_version=\u00bb4.27.3&#8243; _module_preset=\u00bbdefault\u00bb text_text_color=\u00bb#FFFFFF\u00bb text_font_size=\u00bb16px\u00bb max_width=\u00bb60%\u00bb global_colors_info=\u00bb{}\u00bb]<\/p>\n<p>El env\u00edo de espec\u00edmenes biol\u00f3gicos debe cumplir los protocolos establecidos por el servicio de mensajer\u00eda o transporte utilizado. En algunos casos, el transporte a\u00e9reo requiere el cumplimiento de la normativa de la Asociaci\u00f3n Internacional de Aviaci\u00f3n y Transporte (IATA) para materiales peligrosos.<\/p>\n<p>[\/et_pb_text][\/et_pb_column][\/et_pb_row][\/et_pb_section][et_pb_section fb_built=\u00bb1&#8243; _builder_version=\u00bb4.27.3&#8243; _module_preset=\u00bbdefault\u00bb global_colors_info=\u00bb{}\u00bb][et_pb_row _builder_version=\u00bb4.27.3&#8243; _module_preset=\u00bbdefault\u00bb global_colors_info=\u00bb{}\u00bb][et_pb_column type=\u00bb4_4&#8243; _builder_version=\u00bb4.27.3&#8243; _module_preset=\u00bbdefault\u00bb global_colors_info=\u00bb{}\u00bb][et_pb_heading title=\u00bbPruebas Citol\u00f3gicas\u00bb _builder_version=\u00bb4.27.4&#8243; _module_preset=\u00bbdefault\u00bb title_font=\u00bbRubik|500|||||||\u00bb title_font_size=\u00bb32px\u00bb hover_enabled=\u00bb0&#8243; global_colors_info=\u00bb{}\u00bb custom_padding=\u00bb10px||||false|false\u00bb title_text_color=\u00bb#005487&#8243; sticky_enabled=\u00bb0&#8243;][\/et_pb_heading][et_pb_divider color=\u00bb#09e1c0&#8243; divider_weight=\u00bb4px\u00bb _builder_version=\u00bb4.27.3&#8243; _module_preset=\u00bbdefault\u00bb max_width=\u00bb40px\u00bb global_colors_info=\u00bb{}\u00bb][\/et_pb_divider][\/et_pb_column][\/et_pb_row][et_pb_row column_structure=\u00bb3_4,1_4&#8243; _builder_version=\u00bb4.27.3&#8243; _module_preset=\u00bbdefault\u00bb custom_margin=\u00bb||40px||false|false\u00bb global_colors_info=\u00bb{}\u00bb][et_pb_column type=\u00bb3_4&#8243; _builder_version=\u00bb4.27.3&#8243; _module_preset=\u00bbdefault\u00bb global_colors_info=\u00bb{}\u00bb][et_pb_blurb image=\u00bbhttps:\/\/www.laboratoriobarba.es\/wp-content\/uploads\/2024\/11\/Img_Citologica.jpg\u00bb alt=\u00bbImg. Pruebas Citol\u00f3gicas\u00bb content_max_width=\u00bb1005px\u00bb _builder_version=\u00bb4.27.3&#8243; _module_preset=\u00bbdefault\u00bb global_colors_info=\u00bb{}\u00bb]<\/p>\n<p>En el caso de efectos de masa superficiales, la toma de muestras con aguja fina (es decir, aspiraci\u00f3n o t\u00e9cnica de extracci\u00f3n de n\u00facleos\/\u00abp\u00e1jaro carpintero\u00bb) suele tener un mayor rendimiento diagn\u00f3stico y ser m\u00e1s representativa de la lesi\u00f3n primaria que las muestras obtenidas mediante impresi\u00f3n superficial. Los frotis de impresi\u00f3n son propensos a contaminarse con restos y flora de la piel o del entorno, o pueden representar s\u00f3lo una inflamaci\u00f3n o infecci\u00f3n secundaria.<\/p>\n<p>El material aspirado debe extenderse en una monocapa (es decir, aproximadamente la mitad de las c\u00e9lulas se tocan pero no se superponen) tras su aplicaci\u00f3n al portaobjetos (Im\u00e1genes de linfocitos 1 y c\u00e9lulas mesenquimales 2)<\/p>\n<p>&nbsp;<\/p>\n<p><img loading=\"lazy\" decoding=\"async\" src=\"https:\/\/www.laboratoriobarba.es\/wp-content\/uploads\/2024\/11\/Linfocitos-1-300x181.jpg\" width=\"300\" height=\"181\" alt=\"Img. Linfocitos\" class=\"wp-image-8262 alignnone size-medium\" srcset=\"https:\/\/www.laboratoriobarba.es\/wp-content\/uploads\/2024\/11\/Linfocitos-1-300x180.jpg 300w, https:\/\/www.laboratoriobarba.es\/wp-content\/uploads\/2024\/11\/Linfocitos-1.jpg 355w\" sizes=\"(max-width: 300px) 100vw, 300px\" \/>\u00a0 \u00a0 \u00a0 \u00a0 \u00a0 \u00a0<img loading=\"lazy\" decoding=\"async\" src=\"https:\/\/www.laboratoriobarba.es\/wp-content\/uploads\/2024\/11\/2-300x181.jpg\" width=\"300\" height=\"181\" alt=\"\" class=\"wp-image-8261 alignnone size-medium\" srcset=\"https:\/\/www.laboratoriobarba.es\/wp-content\/uploads\/2024\/11\/2-300x180.jpg 300w, https:\/\/www.laboratoriobarba.es\/wp-content\/uploads\/2024\/11\/2.jpg 355w\" sizes=\"(max-width: 300px) 100vw, 300px\" \/><\/p>\n<p>&nbsp;<\/p>\n<p>El m\u00e9todo de extendido preferido consiste en un extendido horizontal suave utilizando un segundo portaobjetos que se coloca encima del material despu\u00e9s de depositarlo en el portaobjetos inferior (v\u00e9ase imagen 3 de preparaci\u00f3n \u00f3ptima). Esta t\u00e9cnica es superior a la t\u00e9cnica pull-apart vertical (v\u00e9ase imagen 4 de preparaci\u00f3n pull-apart).<\/p>\n<p>&nbsp;<\/p>\n<p><img loading=\"lazy\" decoding=\"async\" src=\"https:\/\/www.laboratoriobarba.es\/wp-content\/uploads\/2024\/11\/3-300x181.jpg\" width=\"300\" height=\"181\" alt=\"Img. Preparaci\u00f3n \u00f3ptima\" class=\"wp-image-8263 alignnone size-medium\" srcset=\"https:\/\/www.laboratoriobarba.es\/wp-content\/uploads\/2024\/11\/3-300x180.jpg 300w, https:\/\/www.laboratoriobarba.es\/wp-content\/uploads\/2024\/11\/3.jpg 355w\" sizes=\"(max-width: 300px) 100vw, 300px\" \/>\u00a0 \u00a0 \u00a0 \u00a0 \u00a0 \u00a0<img loading=\"lazy\" decoding=\"async\" src=\"https:\/\/www.laboratoriobarba.es\/wp-content\/uploads\/2024\/11\/4-300x181.jpg\" width=\"300\" height=\"181\" alt=\"Img. Preparaci\u00f3n pull-apart\" class=\"wp-image-8266 alignnone size-medium\" srcset=\"https:\/\/www.laboratoriobarba.es\/wp-content\/uploads\/2024\/11\/4-300x180.jpg 300w, https:\/\/www.laboratoriobarba.es\/wp-content\/uploads\/2024\/11\/4.jpg 355w\" sizes=\"(max-width: 300px) 100vw, 300px\" \/><\/p>\n<p>&nbsp;<\/p>\n<p>La densidad excesiva de las muestras y la cit\u00f3lisis inhiben la capacidad de evaluar adecuadamente las c\u00e9lulas en las muestras citol\u00f3gicas (v\u00e9anse las diapositivas Densidad excesiva de las muestras bajo aumento 5 y alto aumento 6; v\u00e9ase tambi\u00e9n la diapositiva Cit\u00f3lisis excesiva (lisis celular) 7 ). S\u00f3lo las c\u00e9lulas intactas pueden evaluarse citol\u00f3gicamente porque la cit\u00f3lisis introduce artefactos que pueden simular malignidad, como el agrandamiento de los n\u00facleos y el aumento de la prominencia de los nucl\u00e9olos.<\/p>\n<p>&nbsp;<\/p>\n<p><img loading=\"lazy\" decoding=\"async\" src=\"https:\/\/www.laboratoriobarba.es\/wp-content\/uploads\/2024\/11\/5-300x181.jpg\" width=\"300\" height=\"181\" alt=\"Img. Bajo Aumento\" class=\"wp-image-8270 alignnone size-medium\" srcset=\"https:\/\/www.laboratoriobarba.es\/wp-content\/uploads\/2024\/11\/5-300x180.jpg 300w, https:\/\/www.laboratoriobarba.es\/wp-content\/uploads\/2024\/11\/5.jpg 355w\" sizes=\"(max-width: 300px) 100vw, 300px\" \/>\u00a0 \u00a0 \u00a0 \u00a0 \u00a0 \u00a0 <img loading=\"lazy\" decoding=\"async\" src=\"https:\/\/www.laboratoriobarba.es\/wp-content\/uploads\/2024\/11\/6-300x181.jpg\" width=\"300\" height=\"181\" alt=\"Img. Alto Aumento\" class=\"wp-image-8271 alignnone size-medium\" srcset=\"https:\/\/www.laboratoriobarba.es\/wp-content\/uploads\/2024\/11\/6-300x180.jpg 300w, https:\/\/www.laboratoriobarba.es\/wp-content\/uploads\/2024\/11\/6.jpg 355w\" sizes=\"(max-width: 300px) 100vw, 300px\" \/>\u00a0 <img loading=\"lazy\" decoding=\"async\" src=\"https:\/\/www.laboratoriobarba.es\/wp-content\/uploads\/2024\/11\/7-300x181.jpg\" width=\"300\" height=\"181\" alt=\"img. Cit\u00f3lisis excesiva\" class=\"wp-image-8272 alignnone size-medium\" srcset=\"https:\/\/www.laboratoriobarba.es\/wp-content\/uploads\/2024\/11\/7-300x180.jpg 300w, https:\/\/www.laboratoriobarba.es\/wp-content\/uploads\/2024\/11\/7.jpg 355w\" sizes=\"(max-width: 300px) 100vw, 300px\" \/><\/p>\n<p>&nbsp;<\/p>\n<p>Tanto la t\u00e9cnica pull-apart como la falta de esfuerzo para extender el material (es decir, el simple secado al aire de material biol\u00f3gico depositado en forma de gota) son propensas a una densidad excesiva de la muestra y a la cit\u00f3lisis, y pueden no ser diagn\u00f3sticas (v\u00e9ase muestra densa sin extensi\u00f3n en portaobjetos 8).<\/p>\n<p>&nbsp;<\/p>\n<p><img loading=\"lazy\" decoding=\"async\" src=\"https:\/\/www.laboratoriobarba.es\/wp-content\/uploads\/2024\/11\/8-300x181.jpg\" width=\"300\" height=\"181\" alt=\"Img Muestra densa sin extensi\u00f3n\" class=\"wp-image-8273 alignnone size-medium\" srcset=\"https:\/\/www.laboratoriobarba.es\/wp-content\/uploads\/2024\/11\/8-300x180.jpg 300w, https:\/\/www.laboratoriobarba.es\/wp-content\/uploads\/2024\/11\/8.jpg 355w\" sizes=\"(max-width: 300px) 100vw, 300px\" \/><\/p>\n<p>&nbsp;<\/p>\n<p>Las muestras con componente flu\u00eddico pueden extenderse de la misma manera que los frotis sangu\u00edneos. Los fluidos muy celulares pueden untarse directamente; los fluidos de baja celularidad deben centrifugarse para concentrar las c\u00e9lulas.<br \/>Los portaobjetos deben conservarse a temperatura ambiente y protegidos del polvo, as\u00ed como de la humedad excesiva y la exposici\u00f3n prolongada a la luz. Es importante etiquetar f\u00edsicamente los portaobjetos con la identificaci\u00f3n del paciente, as\u00ed como la procedencia de la muestra citol\u00f3gica; etiquetar \u00fanicamente las cajas o cartones de portaobjetos no es fiable porque los portaobjetos pueden separarse de los recipientes o \u00e9stos pueden reutilizarse.<\/p>\n<p>Las muestras que contienen un exceso de ultrasonidos o gel lubricante pueden no ser diagn\u00f3sticas, ya que este material es opaco al microscopio y oculta las c\u00e9lulas, adem\u00e1s de provocar una mala captaci\u00f3n de la tinci\u00f3n celular.<\/p>\n<p>Otras consideraciones pr\u00e1cticas para la preparaci\u00f3n de muestras citol\u00f3gicas son utilizar siempre portaobjetos frescos, evitar el uso de cubreobjetos y cinta de acetato, y asegurarse de que el material celular se deposita hacia el centro de una sola cara del portaobjetos (v\u00e9ase la muestra en ambos lados del portaobjetos 9).<\/p>\n<p>&nbsp;<\/p>\n<p><img loading=\"lazy\" decoding=\"async\" src=\"https:\/\/www.laboratoriobarba.es\/wp-content\/uploads\/2024\/11\/9-300x181.jpg\" width=\"300\" height=\"181\" alt=\"Img. Muestra en ambos lados\" class=\"wp-image-8274 alignnone size-medium\" srcset=\"https:\/\/www.laboratoriobarba.es\/wp-content\/uploads\/2024\/11\/9-300x180.jpg 300w, https:\/\/www.laboratoriobarba.es\/wp-content\/uploads\/2024\/11\/9.jpg 355w\" sizes=\"(max-width: 300px) 100vw, 300px\" \/><\/p>\n<p>A medida que se generaliza el escaneado digital de portaobjetos en los laboratorios de diagn\u00f3stico, no es posible que un pat\u00f3logo simplemente d\u00e9 la vuelta al portaobjetos en su microscopio para enfocar el material del portaobjetos opuesto. Adem\u00e1s, si el material de ambos lados se superpone, es posible que el efecto neto sea un material demasiado grueso para evaluarlo adecuadamente<\/p>\n<p>La exposici\u00f3n de frotis de sangre y citol\u00f3gicos a formalina o vapores de formalina (incluida la proximidad a frascos sellados de formalina) interferir\u00e1 con la tinci\u00f3n y evaluaci\u00f3n adecuadas, lo que puede dar lugar a una muestra no diagn\u00f3stica. Estas preparaciones en portaobjetos nunca deben enviarse al laboratorio en el mismo paquete que los tejidos fijados con formol.<\/p>\n<p>Los frotis no fijados y secados al aire suelen ser adecuados para la tinci\u00f3n inmunocitoqu\u00edmica (ICC); sin embargo, en algunos casos, se recomienda enviar las muestras en tubos que contengan medios de transporte. Si se prev\u00e9n tinciones especiales, incluida la CCI, deber\u00e1 contactarse con el laboratorio antes del env\u00edo para asegurarse de que se sigue el protocolo espec\u00edfico de su laboratorio.<\/p>\n<p>[\/et_pb_blurb][\/et_pb_column][et_pb_column type=\u00bb1_4&#8243; _builder_version=\u00bb4.27.3&#8243; _module_preset=\u00bbdefault\u00bb global_colors_info=\u00bb{}\u00bb][et_pb_sidebar area=\u00bbet_pb_widget_area_2&#8243; show_border=\u00bboff\u00bb _builder_version=\u00bb4.27.3&#8243; _module_preset=\u00bbdefault\u00bb header_font=\u00bbRubik|600|||||||\u00bb header_text_color=\u00bb#005487&#8243; header_font_size=\u00bb18px\u00bb header_line_height=\u00bb1.3em\u00bb body_text_color=\u00bb#4e738a\u00bb body_font_size=\u00bb14px\u00bb custom_margin=\u00bb-22px||||false|false\u00bb global_colors_info=\u00bb{}\u00bb][\/et_pb_sidebar][\/et_pb_column][\/et_pb_row][\/et_pb_section]<\/p>\n","protected":false},"excerpt":{"rendered":"<p>El env\u00edo de espec\u00edmenes biol\u00f3gicos debe cumplir los protocolos establecidos por el servicio de mensajer\u00eda o transporte utilizado. En algunos casos, el transporte a\u00e9reo requiere el cumplimiento de la normativa de la Asociaci\u00f3n Internacional de Aviaci\u00f3n y Transporte (IATA) para materiales peligrosos.En el caso de efectos de masa superficiales, la toma de muestras con aguja [&hellip;]<\/p>\n","protected":false},"author":5,"featured_media":0,"parent":0,"menu_order":0,"comment_status":"closed","ping_status":"closed","template":"","meta":{"_et_pb_use_builder":"on","_et_pb_old_content":"","_et_gb_content_width":"","footnotes":""},"class_list":["post-8252","page","type-page","status-publish","hentry"],"_links":{"self":[{"href":"https:\/\/www.laboratoriobarba.es\/index.php?rest_route=\/wp\/v2\/pages\/8252","targetHints":{"allow":["GET"]}}],"collection":[{"href":"https:\/\/www.laboratoriobarba.es\/index.php?rest_route=\/wp\/v2\/pages"}],"about":[{"href":"https:\/\/www.laboratoriobarba.es\/index.php?rest_route=\/wp\/v2\/types\/page"}],"author":[{"embeddable":true,"href":"https:\/\/www.laboratoriobarba.es\/index.php?rest_route=\/wp\/v2\/users\/5"}],"replies":[{"embeddable":true,"href":"https:\/\/www.laboratoriobarba.es\/index.php?rest_route=%2Fwp%2Fv2%2Fcomments&post=8252"}],"version-history":[{"count":15,"href":"https:\/\/www.laboratoriobarba.es\/index.php?rest_route=\/wp\/v2\/pages\/8252\/revisions"}],"predecessor-version":[{"id":8559,"href":"https:\/\/www.laboratoriobarba.es\/index.php?rest_route=\/wp\/v2\/pages\/8252\/revisions\/8559"}],"wp:attachment":[{"href":"https:\/\/www.laboratoriobarba.es\/index.php?rest_route=%2Fwp%2Fv2%2Fmedia&parent=8252"}],"curies":[{"name":"wp","href":"https:\/\/api.w.org\/{rel}","templated":true}]}}