{"id":8425,"date":"2024-11-18T17:06:10","date_gmt":"2024-11-18T16:06:10","guid":{"rendered":"https:\/\/www.laboratoriobarba.es\/?page_id=8425"},"modified":"2024-11-19T11:10:07","modified_gmt":"2024-11-19T10:10:07","slug":"8425-2","status":"publish","type":"page","link":"https:\/\/www.laboratoriobarba.es\/?page_id=8425","title":{"rendered":"T\u00e9rminos y condiciones de compra"},"content":{"rendered":"<p>[et_pb_section fb_built=\u00bb1&#8243; _builder_version=\u00bb4.27.3&#8243; _module_preset=\u00bbdefault\u00bb use_background_color_gradient=\u00bbon\u00bb background_color_gradient_stops=\u00bb#005487 0%|#0082ca 100%\u00bb height=\u00bb50px\u00bb max_height=\u00bb50px\u00bb custom_padding=\u00bb0px||0px||false|false\u00bb global_colors_info=\u00bb{}\u00bb][\/et_pb_section][et_pb_section fb_built=\u00bb1&#8243; _builder_version=\u00bb4.27.3&#8243; _module_preset=\u00bbdefault\u00bb global_colors_info=\u00bb{}\u00bb][et_pb_row _builder_version=\u00bb4.27.3&#8243; _module_preset=\u00bbdefault\u00bb global_colors_info=\u00bb{}\u00bb][et_pb_column type=\u00bb4_4&#8243; _builder_version=\u00bb4.27.3&#8243; _module_preset=\u00bbdefault\u00bb global_colors_info=\u00bb{}\u00bb][et_pb_heading title=\u00bbT\u00e9rminos y condiciones de compra\u00bb _builder_version=\u00bb4.27.3&#8243; _module_preset=\u00bbdefault\u00bb title_text_align=\u00bbcenter\u00bb global_colors_info=\u00bb{}\u00bb][\/et_pb_heading][et_pb_divider color=\u00bb#09e1c0&#8243; divider_weight=\u00bb4px\u00bb _builder_version=\u00bb4.27.3&#8243; _module_preset=\u00bbdefault\u00bb max_width=\u00bb40px\u00bb module_alignment=\u00bbcenter\u00bb global_colors_info=\u00bb{}\u00bb][\/et_pb_divider][et_pb_text _builder_version=\u00bb4.27.3&#8243; _module_preset=\u00bbdefault\u00bb header_text_color=\u00bbRGBA(255,255,255,0)\u00bb custom_margin=\u00bb||40px||false|false\u00bb hover_enabled=\u00bb0&#8243; global_colors_info=\u00bb{}\u00bb sticky_enabled=\u00bb0&#8243; text_text_color=\u00bb#4e738a\u00bb]<\/p>\n<h4>1. ACEPTACI\u00d3N DE LAS CONDICIONES PARTICULARES DE COMPRA<\/h4>\n<p>Bienvenido a nuestro sitio Web.<\/p>\n<p>A trav\u00e9s del presente formulario de pedido podr\u00e1s adquirir los productos que el Laboratorio Dr. Barba comercializa en este sitio Web, realizandose los envios exclusivamente a Peninsula e Islas Baleares. \u00danicamente podr\u00e1s adquirir estos productos si eres mayor de 18 a\u00f1os.<\/p>\n<p>La cumplimentaci\u00f3n y env\u00edo del Formulario de Pedido habilitado en nuestro sitio Web implica que t\u00fa, como Cliente de <strong>Laboratorio Dr. Barba<\/strong>, consientes y autorizas expresamente, de manera libre y voluntaria, tu sometimiento a nuestro Aviso Legal, Pol\u00edtica de Privacidad y de Cookies, Condiciones Generales de Utilizaci\u00f3n de nuestra Web, as\u00ed como a las presentes Condiciones Particulares de Venta, que estar\u00e1n disponibles para su almacenamiento e impresi\u00f3n una vez formalices tu pedido con nosotros.<\/p>\n<h4>2. DEFINICIONES<\/h4>\n<p>De acuerdo con las presentes Condiciones Particulares de Venta de la p\u00e1gina web <a href=\"https:\/\/www.laboratoriobarba.es\" target=\"_blank\" rel=\"noopener\">www.laboratoriobarba.es<\/a> y junto a otras definiciones contempladas, los siguientes t\u00e9rminos tienen el significado indicado a continuaci\u00f3n.<\/p>\n<p>\u00abCondiciones de Compra\u00bb: son todas las condiciones de compra en funci\u00f3n de las que se ofertan los Productos, que constituyen el contrato a suscribir entre el Vendedor y el Usuario.<br \/>\u00abVendedor\u00bb: El proveedor de los productos puestos a la venta a trav\u00e9s de este sitio Web y, en particular,<\/p>\n<p><span>JUAN CARLOS BARBA CARRETERO, SLNE<\/span><\/p>\n<p><span>CALLE PUERTO LINERA, 14 28935 M\u00d3STOLES (MADRID), NIF B-85596062<\/span><\/p>\n<p><span>incripci\u00f3n en el Registro Mercantil. 2008\/4716<\/span><\/p>\n<p>TLF 91 364 58 35<\/p>\n<p>EMAIL: <a href=\"mailto:clientes@lbbarba.es\" target=\"_blank\" rel=\"noopener\" title=\"clientes@lbbarba.es\"><span>\u00a0<\/span>clientes@lbbarba.es<\/a><\/p>\n<p>\u00abCliente o Usuario\u00bb: es el comprador del Producto, y como tal se entiende la persona f\u00edsica o jur\u00eddica que realiza la compra.<br \/>\u00abProducto\u00bb: relaci\u00f3n de productos sanitarios comercializados por el Vendedor en el presente sitio Web, los cuales figuran descritos en cada ficha de producto, ubicadas en la p\u00e1gina de \u00abTienda &gt; Producto\u00bb<br \/>\u00abP\u00e1gina web\u00bb: el conjunto de p\u00e1ginas que se pueden consultar en la red a trav\u00e9s de la URL sita en www.laboratoriobarba.es titularidad de <span>JUAN CARLOS BARBA CARRETERO, SLNE<\/span><\/p>\n<h4>3. INFORMACI\u00d3N SOBRE EL PRODUCTO<\/h4>\n<p>Los productos de Laboratorio Dr. Barba a la venta en esta Web, son productos para la realizaci\u00f3n de an\u00e1lisis y pruebas de laboratorio, dirigidos a profesionales y al conjunto de personas en general y cuya comercializaci\u00f3n est\u00e1 sometida a la legislaci\u00f3n sectorial de \u00e1mbito estatal que resulta de aplicaci\u00f3n, as\u00ed como a las presentes Condiciones Particulares de Compra.<\/p>\n<p>Laboratorio Dr. Barba emplea sus mejores esfuerzos para ofrecerte la informaci\u00f3n sobre la forma de adquirir nuestros productos y sus precios de forma exacta, veraz y actualizada, sin errores tipogr\u00e1ficos. No obstante lo anterior, no podemos descartar la existencia de errores de estas caracter\u00edsticas, totalmente ajenos a nuestra voluntad, por lo que nos comprometemos a, en caso de detectarlos, proceder inmediatamente a su correcci\u00f3n.<\/p>\n<p>En el eventual e hipot\u00e9tico caso de que un error tipogr\u00e1fico afectara al precio, descripci\u00f3n y\/o disponibilidad del producto, y si, como cliente, hubieras realizado un pedido en funci\u00f3n de un error de este tipo, Laboratorio Dr. Barba proceder\u00e1 de inmediato a su comunicaci\u00f3n y tendr\u00e1s derecho a rescindir tu compra, sin coste alguno por tu parte.<\/p>\n<p>Laboratorio Dr. Barba se reserva el derecho a modificar en cualquier momento la relaci\u00f3n de productos, precios y\/o servicios contenidos en el presente sitio Web, as\u00ed como sus condiciones de adquisici\u00f3n y entrega, bajo su exclusiva responsabilidad. No obstante lo anterior, tales modificaciones no afectar\u00e1n a los pedidos que ya se encuentren en curso. Asimismo, Laboratorio Dr. Barba se reserva la facultad de realizar cualquier modificaci\u00f3n que resulte \u00fatil o devenga necesaria en el dise\u00f1o de envases, mensajes publicitarios o informativos, instrucciones y descripciones que figuren en los mismos, cumpliendo en todo momento con la legislaci\u00f3n vigente que resulte de aplicaci\u00f3n.<\/p>\n<h4>4. PRECIOS<\/h4>\n<p>Los precios de los Productos ofertados en el sitio Web ser\u00e1n los que figuren en el mismo en el momento de que curses tu pedido(s), estar\u00e1n expresados en euros y ser\u00e1n totales; es decir, el Impuesto sobre el Valor A\u00f1adido (IVA), as\u00ed como cualquier otro impuesto, tasa o gravamen de car\u00e1cter estatal y auton\u00f3mico que pudiera resultar de aplicaci\u00f3n.<\/p>\n<p>Laboratorio Dr. Barba se reserva la facultad de modificar sus precios en cualquier momento, por lo que deber\u00e1s verificar los mismos con car\u00e1cter previo a la formulaci\u00f3n de cada pedido que nos solicites.<\/p>\n<p>Los gastos de env\u00edo est\u00e1n incluidos en los precios.<\/p>\n<p>El pago del Producto se podr\u00e1 realizar a trav\u00e9s de tarjeta de cr\u00e9dito o d\u00e9bito, por PayPal o transferencia bancaria.<\/p>\n<h4>5. FORMALIZACI\u00d3N DE PEDIDOS<\/h4>\n<p>Podr\u00e1s formalizar tu pedido a trav\u00e9s de nuestra Web.<\/p>\n<p>Para formalizar tu pedido, deber\u00e1s seguir las instrucciones de compra que te proporcionaremos a lo largo de todo el proceso de contrataci\u00f3n.<\/p>\n<p>La compra del producto se formalizar\u00e1 a partir de la selecci\u00f3n y adquisici\u00f3n del(los) producto(s) en el sitio Web. Antes de que finalice tu pedido, Laboratorio Dr. Barba te solicitar\u00e1 que lo valides, con el objeto de evitar cualquier error involuntario. A tal efecto, debers\u00e1 validar los productos incluidos en tu carrito de la compra, la direcci\u00f3n de env\u00edo y facturaci\u00f3n, as\u00ed como que la adquisici\u00f3n de tales productos conlleva una obligaci\u00f3n de pago por tu parte.<\/p>\n<p>Laboratorio Dr. Barba te confirmar\u00e1 la recepci\u00f3n de tu Pedido mediante el env\u00edo de un acuse de recibo al correo electr\u00f3nico que nos hayas facilitado en un plazo no superior a las 24 horas siguientes a la recepci\u00f3n de tu pedido,\u00a0comunicaci\u00f3n que implicar\u00e1 la recepci\u00f3n y aceptaci\u00f3n del mismo por Laboratorio Dr. Barba. En \u00e9l figurar\u00e1 un resumen de las caracter\u00edsticas esenciales del producto, datos de contacto de Laboratorio Dr. Barba, as\u00ed como copia de estas Condiciones Particulares de Venta, y especificar\u00e1 el precio, gastos de transporte as\u00ed como cualquier otro gasto, forma de pago y condiciones de entrega del producto, y c\u00f3mo ejercitar, en su caso, tu derecho de desistimiento, del que te facilitaremos el oportuno formulario. Deber\u00e1s comprobar el contenido de esta comunicaci\u00f3n e informar a Laboratorio Dr. Barba\u00a0 si detectas alg\u00fan error u omisi\u00f3n en la misma, con el objeto de que podamos subsanarlo a la mayor brevedad. En cualquier caso, te recomendamos que conserves dicha comunicaci\u00f3n.<\/p>\n<p>Asimismo, Laboratorio Dr. Barba se reserva el derecho de no aceptar un pago mediante tarjeta de cr\u00e9dito, pudiendo anular tu pedido si tuviese la sospecha de que el comprador (i) no es el titular de la tarjeta de cr\u00e9dito facilitada o (ii) si, habiendo puesto dicha circunstancia en su conocimiento, no quisieras acceder a utilizar otra modalidad de pago.<\/p>\n<p>Mediante la remisi\u00f3n de tu Pedido a Laboratorio Dr. Barba, est\u00e1s formalizando tu compra y aceptando las presentes Condiciones Particulares de Compra, a las que quedar\u00e1s sometido, dando lugar a la perfecci\u00f3n del contrato de compraventa.<\/p>\n<h4>6. PLAZOS Y FORMA DE ENTREGA DE PRODUCTOS<\/h4>\n<p>Una vez que recibas la comunicaci\u00f3n de Laboratorio Dr. Barba confirmando la recepci\u00f3n de tu pedido, \u00e9ste saldr\u00e1 del almac\u00e9n de Laboratorio Dr. Barba o de cualquiera de sus proveedores a la direcci\u00f3n por indicada ti, para que lo recibas en tu domicilio en el plazo determinado en la descripci\u00f3n de cada producto o servicio.<\/p>\n<p>Los plazos de entrega indicados son estimativos, no pudiendo garantizar Laboratorio Dr. Barba el cumplimiento exacto de los mismos. No obstante lo anterior, Laboratorio Dr. Barba emplear\u00e1 sus mejores esfuerzos para cumplir el\/los plazo(s) de entrega indicados, haciendo todo lo posible para realizar las entregas de forma puntual. En caso de que tuvi\u00e9semos conocimiento de que, por cualquier circunstancia, no pudi\u00e9ramos cumplir con el plazo establecido, te comunicar\u00edamos dicha circunstancia a la mayor brevedad v\u00eda email y podr\u00e1s, en tal caso, desistir de tu pedido.<\/p>\n<p>Asimismo, en el caso de que no recibas tu pedido en el\/los plazo(s) indicado(s), o tengas cualquier queja o reclamaci\u00f3n sobre el mismo, rogamos que te pongas inmediatamente en contacto con nosotros a trav\u00e9s de nuestro tel\u00e9fono de Atenci\u00f3n al Cliente en el que gestionaremos tu incidencia en el plazo m\u00e1s breve posible, y en todo caso, antes de 15 d\u00edas.<\/p>\n<p>La expedici\u00f3n y el transporte de los pedidos se realizar\u00e1n con cargo a Laboratorio Dr. Barba seg\u00fan se establece en el p\u00e1rrafo IV.<\/p>\n<p>Laboratorio Dr. Barba te notificar\u00e1 por correo electr\u00f3nico cu\u00e1ndo tu pedido ha sido entregado a nuestro socio de log\u00edstica, al objeto de que puedas realizar un seguimiento del mismo.<\/p>\n<p>El transportista seleccionado intentar\u00e1 entregar en la direcci\u00f3n indicada entre las 9.00 y las 20.00 de lunes a viernes. En ausencia del destinatario, el servicio al cliente de la empresa de trasporte ser\u00e1 notificado de inmediato para que la persona responsable pueda ponerse nuevamente en contacto con \u00e9l y organizar la entrega.<\/p>\n<p>El env\u00edo es gratuito.\u00a0<\/p>\n<p>Laboratorio Dr. Barba te remitir\u00e1 la documentaci\u00f3n fiscal (factura en soporte electr\u00f3nico) a partir de los datos correspondientes a la codificaci\u00f3n del usuario realizada en el momento del registro en la p\u00e1gina web. En caso de detectar cualquier error tipogr\u00e1fico en las mismas, rogamos que te pongas inmediatamente en contacto con nosotros.<\/p>\n<h4>7. GARANT\u00cdAS<\/h4>\n<p>Los productos comercializados a trav\u00e9s de este sitio Web son conformes con las especificaciones que figuran descritas en este sitio Web. Laboratorio Dr. Barba garantiza la autenticidad de los productos puestos a la venta a trav\u00e9s de este sitio, y que tales productos son fabricados y acondicionados de conformidad con la normativa aplicable. En caso de que recibas un producto da\u00f1ado o defectuoso, Laboratorio Dr. Barba te cambiar\u00e1 o reembolsar\u00e1 el precio del producto reconocido como defectuoso por Laboratorio Dr. Barba, tras su examen por el personal de \u00e9sta, sin cargo adicional para ti.<\/p>\n<h4>8. DERECHO DE DESISTIMIENTO<\/h4>\n<p>Ud. podr\u00e1 devolver cualquier Producto adquirido en nuestro sitio web dentro del plazo de catorce d\u00edas naturales desde la efectiva recepci\u00f3n de su pedido,\u00a0siempre y cuando \u00e9ste no haya sido abierto ni manipulado. Deber\u00e1 enviar un correo electr\u00f3nico a <a href=\"mailto:clientes@lbbarba.es\" target=\"_blank\" rel=\"noopener\" title=\"clientes@lbbarba.es\">clientes@lbbarba.es<\/a> indicando el n\u00famero de pedido asi como los productos a devolver. Laboratorio Dr. Barba le confirmar\u00e1 la recepci\u00f3n de su petici\u00f3n en un plazo maximo de 15 dias.<\/p>\n<p>En este caso, Laboratorio Dr. Barba le devolver\u00e1 el importe \u00edntegro de la compra, en un plazo no superior a 14 d\u00edas naturales, contados desde la fecha en que nos comunique su decisi\u00f3n de desistir. No obstante lo anterior, ser\u00e1n de su exclusiva cuenta y cargo los gastos de devoluci\u00f3n del producto, el cual deber\u00e1 remitir a Laboratorio Dr. Barba en un plazo no superior a 14 d\u00edas naturales, contados desde la fecha en que nos comunique su decisi\u00f3n de desistir.<\/p>\n<p>En el supuesto que el desistimiento o revocaci\u00f3n fuese previo a la salida del producto de nuestras instalaciones, Ud. deber\u00e1 ponerse en contacto directamente con Laboratorio Dr. Barba al siguiente n\u00famero de tel\u00e9fono de Atenci\u00f3n al Cliente: 913 64 58 35<span style=\"color: #000000;\">\u00a0<\/span>para poder ejercitar su derecho a desistir o resolver la operaci\u00f3n, la cual se realizar\u00e1 sin cargo alguno.<\/p>\n<h4>9. POL\u00cdTICA DE CANCELACIONES<\/h4>\n<p>Podr\u00e1s cancelar cualquier solicitud de pedido antes de que Laboratorio Dr. Barba le confirme definitivamente tu pedido. Si el pedido ya hubiera sido confirmado, deber\u00e1s atenerte a lo dispuesto en la cl\u00e1usula IX de las presentes Condiciones Particulares de Compra y a las condiciones de entrega y aceptaci\u00f3n de pedidos.<\/p>\n<p>Si la devoluci\u00f3n del producto trae su causa en alg\u00fan defecto, error o deterioro detectado en el mismo, podr\u00e1s exigir a Laboratorio Dr. Barba la devoluci\u00f3n \u00edntegra del precio del producto o la sustituci\u00f3n de \u00e9ste por otro de id\u00e9nticas caracter\u00edsticas.<\/p>\n<p>Podr\u00e1s acceder y consultar tu factura directamente en este sitio Web. Las facturas relativas a tus pedidos estar\u00e1n disponibles online durante un per\u00edodo de 2 a\u00f1os desde la fecha de emisi\u00f3n de estas.<\/p>\n<p>En caso de detectar cualquier error tipogr\u00e1fico en las mismas, rogamos que te pongas inmediatamente en contacto con nosotros.<\/p>\n<h4>10. RESPONSABILIDAD<\/h4>\n<p>Laboratorio Dr. Barba no garantiza la disponibilidad, la continuidad ni la infalibilidad del funcionamiento del Sitio Web durante el proceso de compra y, en consecuencia, excluye en la m\u00e1xima medida permitida por la legislaci\u00f3n vigente, cualquier responsabilidad por los da\u00f1os y perjuicios de toda naturaleza que pudieran deberse a la falta de disponibilidad o de continuidad del funcionamiento del mismo.<\/p>\n<p>Si por error recibieras un producto distinto al solicitado por causa imputable a Laboratorio Dr. Barba, \u00e9ste ser\u00e1 retirado por Laboratorio Dr. Barba a la mayor brevedad, haci\u00e9ndote entrega del producto correcto, sin ning\u00fan cargo adicional para ti.<\/p>\n<h4>11. MODALIDADES Y CONDICIONES DE PAGO<\/h4>\n<p>El pago de los productos se llevar\u00e1 a cabo seg\u00fan las instrucciones proporcionadas en el propio proceso de compra.<\/p>\n<p>Laboratorio Dr. Barba te enviar\u00e1 una factura por el importe del (los) producto(s) adquiridos, a la direcci\u00f3n de correo electr\u00f3nico facilitada por ti en el proceso de compra,\u00a0lo cual consientes expresamente. Asimismo, podr\u00e1s consultar c\u00f3modamente la totalidad de facturas expedidas a trav\u00e9s de tu cuenta de usuario.<\/p>\n<p>Por razones de seguridad, en el caso de pago con tarjeta de cr\u00e9dito, Laboratorio Dr. Barba podr\u00e1 solicitarte que remitas copia de tu D.N.I. o pasaporte o de cualquier otro documento que acredite tu identidad.<\/p>\n<p>Asimismo, Laboratorio Dr. Barba se reserva el derecho de no aceptar un pago con tarjeta de cr\u00e9dito, pudiendo anular la Solicitud de pedido, si tuviese la seguridad de que el comprador no es el titular de la tarjeta de cr\u00e9dito facilitada o si, despu\u00e9s de haber puesto dicha circunstancia en tu conocimiento, no quisieras acceder a utilizar otra modalidad de pago.<\/p>\n<h4>12. TRATAMIENTO DE DATOS DE CAR\u00c1CTER PERSONAL<\/h4>\n<p>Para poder realizar pedidos a trav\u00e9s de nuestro sitio Web, se requiere que nos proporciones una serie de datos adicionales, que pudieran contener datos de car\u00e1cter personal de tipo b\u00e1sico. En ese caso, Laboratorio Dr. Barba garantiza la protecci\u00f3n y confidencialidad de los datos personales, domiciliarios, de pago as\u00ed como de cualquier otro tipo que hayan sido proporcionados por ti en nuestro sitio Web, a consecuencia de la formalizaci\u00f3n de tu pedido, estando en todo caso sujetos a la pol\u00edtica en materia de Protecci\u00f3n de Datos de Car\u00e1cter Personal que figura en las Condiciones Generales de Uso del presente sitio Web, aqu\u00ed disponibles, y que deber\u00e1s consultar y aceptar antes de formular tu pedido.<\/p>\n<h4>13. LEGISLACI\u00d3N Y JURISDICCI\u00d3N<\/h4>\n<p>Las presentes Condiciones de Compra se risen por la ley espa\u00f1ola, sin perjuicio de cualquier otra ley que al consumidor pudiera serle legalmente aplicable, de conformidad con la Ley General para la efensa de los Consumidores y Usuarios.<\/p>\n<p>Para cualquier controversia que pudiera derivarse de la interpretacion o aplicacion de las presented Condicinoes de Compra, las partes se someten a la jurisdiccion de los Juzgados y Tribunales de Madrid, salvo que se trate de consumidores, en cuyo caso las partes se someteran a la jurisdiccion de los Juzgados y Tribunales que correspondan segun la Ley General para la Defensa de los Consumidores y Usuarios.<\/p>\n<h4>14. RESOLUCI\u00d3N DE PROBLEMAS<\/h4>\n<p>Si ha tenido un problema con una compra online, puede enviar un email a clientes@lbbarba.es o utilizar la plataforma de resoluci\u00f3n de litigios en l\u00ednea desarrollada por la Comisi\u00f3n Europea para tratar de llegar a una soluci\u00f3n extrajudicial, siempre que resida en la UE y la empresa vendedora est\u00e9 establecida en la UE.<\/p>\n<p>[\/et_pb_text][\/et_pb_column][\/et_pb_row][\/et_pb_section]<\/p>\n","protected":false},"excerpt":{"rendered":"<p>1. ACEPTACI\u00d3N DE LAS CONDICIONES PARTICULARES DE COMPRA Bienvenido a nuestro sitio Web. A trav\u00e9s del presente formulario de pedido podr\u00e1s adquirir los productos que el Laboratorio Dr. Barba comercializa en este sitio Web, realizandose los envios exclusivamente a Peninsula e Islas Baleares. \u00danicamente podr\u00e1s adquirir estos productos si eres mayor de 18 a\u00f1os. La [&hellip;]<\/p>\n","protected":false},"author":5,"featured_media":0,"parent":0,"menu_order":0,"comment_status":"closed","ping_status":"closed","template":"","meta":{"_et_pb_use_builder":"on","_et_pb_old_content":"","_et_gb_content_width":"","footnotes":""},"class_list":["post-8425","page","type-page","status-publish","hentry"],"_links":{"self":[{"href":"https:\/\/www.laboratoriobarba.es\/index.php?rest_route=\/wp\/v2\/pages\/8425","targetHints":{"allow":["GET"]}}],"collection":[{"href":"https:\/\/www.laboratoriobarba.es\/index.php?rest_route=\/wp\/v2\/pages"}],"about":[{"href":"https:\/\/www.laboratoriobarba.es\/index.php?rest_route=\/wp\/v2\/types\/page"}],"author":[{"embeddable":true,"href":"https:\/\/www.laboratoriobarba.es\/index.php?rest_route=\/wp\/v2\/users\/5"}],"replies":[{"embeddable":true,"href":"https:\/\/www.laboratoriobarba.es\/index.php?rest_route=%2Fwp%2Fv2%2Fcomments&post=8425"}],"version-history":[{"count":11,"href":"https:\/\/www.laboratoriobarba.es\/index.php?rest_route=\/wp\/v2\/pages\/8425\/revisions"}],"predecessor-version":[{"id":8443,"href":"https:\/\/www.laboratoriobarba.es\/index.php?rest_route=\/wp\/v2\/pages\/8425\/revisions\/8443"}],"wp:attachment":[{"href":"https:\/\/www.laboratoriobarba.es\/index.php?rest_route=%2Fwp%2Fv2%2Fmedia&parent=8425"}],"curies":[{"name":"wp","href":"https:\/\/api.w.org\/{rel}","templated":true}]}}