{"id":4191,"date":"2024-10-29T10:11:12","date_gmt":"2024-10-29T09:11:12","guid":{"rendered":"https:\/\/www.laboratoriobarba.es\/?post_type=product&#038;p=4191"},"modified":"2025-03-26T16:40:58","modified_gmt":"2025-03-26T15:40:58","slug":"parvovirus-canino-ag-test-rapido-5-unidades","status":"publish","type":"product","link":"https:\/\/www.laboratoriobarba.es\/?product=parvovirus-canino-ag-test-rapido-5-unidades","title":{"rendered":"Parvovirus canino Ag test r\u00e1pido 5 unidades"},"content":{"rendered":"<p>T<strong>est Ag Parvovirus Canino<\/strong><br \/>Cat. No.: W81006<br \/><strong>1. USOS<\/strong><br \/>El test r\u00e1pido de parvovirus canis Ag es un inmunoan\u00e1lisis de flujo lateral que sirve para detectar cualitativamente el parvovirus canino en las heces o en el v\u00f3mito del perro.<br \/><strong>Tiempo para el an\u00e1lisis:<\/strong>\u00a05-10 min<br \/><strong>Muestra:<\/strong>\u00a0Heces o v\u00f3mito.<br \/><strong>2. PRINCIPIO DEL AN\u00c1LISIS<\/strong><br \/>El test r\u00e1pido de parvovirus canino est\u00e1 basado en un inmunoan\u00e1lisis de flujo lateral. Tiene una ventana en la que hay una zona invisible (T) y una zona de control C. Cuando las muestras se ponen en agujero del dispositivo, el l\u00edquido fluir\u00e1 lateralmente en la superficie de la banda del test. Si hay suficiente ant\u00edgeno de Parvovirus en la muestra, la banda T se har\u00e1 visible. La banda C siempre ser\u00e1 visible despu\u00e9s de poner la muestra, indicando que el resultado es v\u00e1lido. Esto significa, que el dispositivo puede detectar con precisi\u00f3n si hay o no hay presencia del ant\u00edgeno de parvovirus canino en la muestra.<\/p>\n<p><strong>3. COMPONENTES DEL KIT<\/strong><br \/>5x bolsa met\u00e1lica que contienen cada uno un cassette, una pipeta y un desecante.<br \/>5x tubos buffer para an\u00e1lisis (1 ml cada uno)<br \/>5x bastoncillos<br \/>Un manual del producto<\/p>\n<p><strong>4. PROCEDIMIENTO DEL TEST<\/strong><\/p>\n<p>Recoger las heces o el v\u00f3mito del perro con el bastoncillo. Se puede coger del suelo o del perro directamente.<br \/>Insertar el bastoncillo mojado en el tubo buffer para an\u00e1lisis. Agitarlo para asegurarse de que se ha extra\u00eddo una muestra adecuada.<br \/>Sacar el cassette de la bolsa met\u00e1lica y ponerlo en posici\u00f3n horizontal.<br \/>Gradualmente poner 3 gotas de la muestra extra\u00edda en el agujero para muestras.<br \/>Interpretar el resultado en 5-10 minutos. El resultado despu\u00e9s de los 10 minutos se considera solo una referencia.<\/p>\n<p><strong>5. INTERPRETACI\u00d3N DE RESULTADOS<\/strong><br \/><strong>Positivo:<\/strong>\u00a0Se observan la banda C y la T. El resultado ser\u00e1 positivo aunque la banda T se vea poco definida.<br \/><strong>Negativo:<\/strong>\u00a0S\u00f3lo se observa la banda C muy claramente.<br \/><strong>Inv\u00e1lido:<\/strong>\u00a0No hay una banda en la zona C, independientemente de si hay o no banda T. Para que el resultado sea v\u00e1lido tiene que haber una banda C.<br \/><img loading=\"lazy\" decoding=\"async\" width=\"670\" height=\"195\" src=\"https:\/\/www.lbbarba.es\/wp-content\/uploads\/2019\/09\/word-image-2.jpeg\"><\/p>\n<p><strong>6. ALMACENAMIENTO<\/strong><br \/>El kit se puede guardar a temperatura ambiente (2-30\u00baC). El kit valdr\u00e1 durante 18 meses, la fecha de caducidad se encuentra en la bolsa plateada.<strong>\u00a0NO CONGELAR.<\/strong>\u00a0No guardar en un sitio que le d\u00e9 el sol directamente.<\/p>\n<p><strong>7. PRECAUCIONES<\/strong><br \/>Para unos resultados \u00f3ptimos siga las instrucciones al pie de la letra.<br \/>Todos los reactivos deben estar a temperatura ambiente antes de hacer el an\u00e1lisis.<br \/>No extraer el cassette de la bolsa met\u00e1lica hasta justo antes de hacer el an\u00e1lisis.<br \/>No utilizar m\u00e1s de una vez el kit.<br \/>No utilizar el kit una vez est\u00e9 caducado.<br \/>Los componentes en este kit han pasado un control de calidad en conjunto.Por favor, no mezcle componentes de diferentes lotes.<\/p>\n<p><strong>8. LIMITACIONES<\/strong><br \/>El test r\u00e1pido de parvovirus canino es solo para uso in vitro de diagn\u00f3stico veterinario. Todos los resultados tienen que ser analizados junto a toda la informaci\u00f3n cl\u00ednica disponible para el veterinario. Para un resultado preciso, se sugiere aplicar otro m\u00e9todo adicional como PCR.<br \/><em>Fabricado por Quicking Biotech Co., Ltd. No. 1998,South Yanggao Road, Shanghai, P.R. China<\/em><br \/><em>Distribuido en Espa\u00f1a por Laboratorio Dr. Barba. Calle Puerto Linera, 14. 28935. M\u00f3stoles (Espa\u00f1a)<\/em><br \/><a href=\"mailto:clientes@lbbarba.es\"><em>clientes@lbbarba.es<\/em><\/a><br \/><a href=\"https:\/\/www.lbbarba.es\/\"><em>www.lbbarba.es<\/em><\/a><\/p>\n","protected":false},"excerpt":{"rendered":"<p>Test Ag Parvovirus CaninoCat. No.: W810061. USOSEl test r\u00e1pido de parvovirus canis Ag es un inmunoan\u00e1lisis de flujo lateral que sirve para detectar cualitativamente el parvovirus canino en las heces o en el v\u00f3mito del perro.Tiempo para el an\u00e1lisis:\u00a05-10 minMuestra:\u00a0Heces o v\u00f3mito.2. PRINCIPIO DEL AN\u00c1LISISEl test r\u00e1pido de parvovirus canino est\u00e1 basado en un inmunoan\u00e1lisis [&hellip;]<\/p>\n","protected":false},"featured_media":4192,"comment_status":"open","ping_status":"closed","template":"","meta":{"_et_pb_use_builder":"","_et_pb_old_content":"","_et_gb_content_width":""},"product_brand":[],"product_cat":[57],"product_tag":[154],"class_list":{"0":"post-4191","1":"product","2":"type-product","3":"status-publish","4":"has-post-thumbnail","6":"product_cat-test-rapidos","7":"product_tag-test-animales","9":"first","10":"instock","11":"taxable","12":"shipping-taxable","13":"purchasable","14":"product-type-simple"},"_links":{"self":[{"href":"https:\/\/www.laboratoriobarba.es\/index.php?rest_route=\/wp\/v2\/product\/4191","targetHints":{"allow":["GET"]}}],"collection":[{"href":"https:\/\/www.laboratoriobarba.es\/index.php?rest_route=\/wp\/v2\/product"}],"about":[{"href":"https:\/\/www.laboratoriobarba.es\/index.php?rest_route=\/wp\/v2\/types\/product"}],"replies":[{"embeddable":true,"href":"https:\/\/www.laboratoriobarba.es\/index.php?rest_route=%2Fwp%2Fv2%2Fcomments&post=4191"}],"wp:featuredmedia":[{"embeddable":true,"href":"https:\/\/www.laboratoriobarba.es\/index.php?rest_route=\/wp\/v2\/media\/4192"}],"wp:attachment":[{"href":"https:\/\/www.laboratoriobarba.es\/index.php?rest_route=%2Fwp%2Fv2%2Fmedia&parent=4191"}],"wp:term":[{"taxonomy":"product_brand","embeddable":true,"href":"https:\/\/www.laboratoriobarba.es\/index.php?rest_route=%2Fwp%2Fv2%2Fproduct_brand&post=4191"},{"taxonomy":"product_cat","embeddable":true,"href":"https:\/\/www.laboratoriobarba.es\/index.php?rest_route=%2Fwp%2Fv2%2Fproduct_cat&post=4191"},{"taxonomy":"product_tag","embeddable":true,"href":"https:\/\/www.laboratoriobarba.es\/index.php?rest_route=%2Fwp%2Fv2%2Fproduct_tag&post=4191"}],"curies":[{"name":"wp","href":"https:\/\/api.w.org\/{rel}","templated":true}]}}