{"id":4431,"date":"2024-10-30T10:04:00","date_gmt":"2024-10-30T09:04:00","guid":{"rendered":"https:\/\/www.laboratoriobarba.es\/?post_type=product&#038;p=4431"},"modified":"2025-03-26T16:40:04","modified_gmt":"2025-03-26T15:40:04","slug":"prueba-de-paternidad-informativa-2-personas","status":"publish","type":"product","link":"https:\/\/www.laboratoriobarba.es\/?product=prueba-de-paternidad-informativa-2-personas","title":{"rendered":"Prueba de paternidad informativa 2 personas"},"content":{"rendered":"<p>Nuestro test analiza 21 marcadores gen\u00e9ticos para determinar el parentesco. Comparamos los perfiles gen\u00e9ticos del presunto padre y el hijo para ver si coinciden.<br \/>Informe detallado.<\/p>\n","protected":false},"excerpt":{"rendered":"<p>21 marcadores gen\u00e9ticos para garantizar la m\u00e1xima precisi\u00f3n. <br \/>Exactitud del 99,99%.<br \/>Incluye dos personas.<br \/>Env\u00edo del kit de toma de muestras a domicilio.<br \/>5 d\u00edas de plazo de entrega.<\/p>\n","protected":false},"featured_media":7345,"comment_status":"open","ping_status":"closed","template":"","meta":{"_et_pb_use_builder":"","_et_pb_old_content":"","_et_gb_content_width":""},"product_brand":[],"product_cat":[126],"product_tag":[156],"class_list":{"0":"post-4431","1":"product","2":"type-product","3":"status-publish","4":"has-post-thumbnail","6":"product_cat-analisis-clinicos","7":"product_tag-analisis","9":"first","10":"instock","11":"taxable","12":"shipping-taxable","13":"purchasable","14":"product-type-simple"},"_links":{"self":[{"href":"https:\/\/www.laboratoriobarba.es\/index.php?rest_route=\/wp\/v2\/product\/4431","targetHints":{"allow":["GET"]}}],"collection":[{"href":"https:\/\/www.laboratoriobarba.es\/index.php?rest_route=\/wp\/v2\/product"}],"about":[{"href":"https:\/\/www.laboratoriobarba.es\/index.php?rest_route=\/wp\/v2\/types\/product"}],"replies":[{"embeddable":true,"href":"https:\/\/www.laboratoriobarba.es\/index.php?rest_route=%2Fwp%2Fv2%2Fcomments&post=4431"}],"wp:featuredmedia":[{"embeddable":true,"href":"https:\/\/www.laboratoriobarba.es\/index.php?rest_route=\/wp\/v2\/media\/7345"}],"wp:attachment":[{"href":"https:\/\/www.laboratoriobarba.es\/index.php?rest_route=%2Fwp%2Fv2%2Fmedia&parent=4431"}],"wp:term":[{"taxonomy":"product_brand","embeddable":true,"href":"https:\/\/www.laboratoriobarba.es\/index.php?rest_route=%2Fwp%2Fv2%2Fproduct_brand&post=4431"},{"taxonomy":"product_cat","embeddable":true,"href":"https:\/\/www.laboratoriobarba.es\/index.php?rest_route=%2Fwp%2Fv2%2Fproduct_cat&post=4431"},{"taxonomy":"product_tag","embeddable":true,"href":"https:\/\/www.laboratoriobarba.es\/index.php?rest_route=%2Fwp%2Fv2%2Fproduct_tag&post=4431"}],"curies":[{"name":"wp","href":"https:\/\/api.w.org\/{rel}","templated":true}]}}